 9) to base 14.
-37
What is 2 (base 6) in base 3?
2
Convert -10 (base 6) to base 15.
-6
What is 3 (base 14) in base 6?
3
What is 67 (base 9) in base 11?
56
0 (base 2) to base 13
0
Convert 1 (base 6) to base 3.
1
1 (base 5) to base 9
1
-11101 (base 2) to base 6
-45
-11010 (base 2) to base 9
-28
3 (base 13) to base 6
3
Convert -10 (base 8) to base 12.
-8
Convert -1 (base 12) to base 2.
-1
-2 (base 8) to base 16
-2
Convert -b6 (base 15) to base 7.
-333
17 (base 13) to base 11
19
Convert -20 (base 15) to base 3.
-1010
Convert -57 (base 12) to base 8.
-103
d (base 16) to base 12
11
-10312 (base 4) to base 12
-21a
-68 (base 12) to base 13
-62
What is 130 (base 8) in base 11?
80
28 (base 15) to base 8
46
1 (base 11) to base 3
1
1 (base 7) to base 8
1
Convert 10 (base 2) to base 15.
2
2312 (base 4) to base 5
1212
What is -153 (base 13) in base 16?
-ed
Convert -15 (base 12) to base 3.
-122
Convert -10 (base 4) to base 8.
-4
Convert 21 (base 4) to base 5.
14
a (base 13) to base 11
a
60 (base 16) to base 9
116
Convert 7 (base 9) to base 11.
7
Convert 130 (base 4) to base 10.
28
Convert b (base 13) to base 14.
b
What is 3 (base 13) in base 12?
3
What is 14 (base 13) in base 2?
10001
What is -13 (base 10) in base 9?
-14
What is -11 (base 10) in base 15?
-b
-2 (base 4) to base 7
-2
What is 2 (base 7) in base 3?
2
Convert 131 (base 8) to base 2.
1011001
What is 0 (base 7) in base 9?
0
Convert -143 (base 13) to base 10.
-224
What is -2 (base 15) in base 12?
-2
Convert 2b (base 15) to base 10.
41
-42 (base 12) to base 5
-200
What is 2b (base 13) in base 12?
31
2120 (base 5) to base 2
100011101
2 (base 3) to base 11
2
1112 (base 5) to base 3
12211
Convert 4 (base 7) to base 12.
4
-100 (base 4) to base 11
-15
Convert -58 (base 16) to base 10.
-88
-6 (base 7) to base 15
-6
What is 101 (base 10) in base 2?
1100101
-94 (base 11) to base 10
-103
1310 (base 4) to base 5
431
What is 2b (base 16) in base 3?
1121
Convert 5 (base 9) to base 2.
101
What is 10 (base 2) in base 6?
2
Convert 1 (base 2) to base 13.
1
Convert 2 (base 5) to base 12.
2
3 (base 11) to base 4
3
Convert -7 (base 12) to base 6.
-11
What is -231 (base 5) in base 3?
-2110
163 (base 11) to base 7
361
Convert -d (base 14) to base 3.
-111
What is -ae (base 16) in base 9?
-213
-32 (base 13) to base 7
-56
Convert -22 (base 4) to base 5.
-20
2 (base 3) to base 11
2
0 (base 3) to base 7
0
Convert 14 (base 8) to base 16.
c
-6 (base 7) to base 8
-6
25 (base 14) to base 9
36
-18 (base 9) to base 6
-25
What is -213 (base 7) in base 11?
-99
-374 (base 9) to base 16
-136
What is 87 (base 11) in base 14?
6b
Convert -11100 (base 2) to base 11.
-26
30 (base 12) to base 16
24
Convert 1 (base 13) to base 5.
1
What is -8 (base 10) in base 5?
-13
Convert -28 (base 11) to base 15.
-20
Convert 0 (base 10) to base 9.
0
Convert -6 (base 9) to base 14.
-6
200 (base 7) to base 5
343
What is 1c (base 14) in base 15?
1b
-14 (base 7) to base 14
-b
Convert 2 (base 4) to base 6.
2
32 (base 7) to base 2
10111
What is 1 (base 6) in base 15?
1
What is -9 (base 10) in base 4?
-21
What is 1 (base 14) in base 3?
1
1 (base 14) to base 2
1
Convert 1000 (base 3) to base 7.
36
Convert -22 (base 12) to base 11.
-24
Convert 75 (base 15) to base 7.
215
-163 (base 11) to base 14
-d8
-60 (base 7) to base 12
-36
What is 1 (base 5) in base 11?
1
What is 0 (base 5) in base 8?
0
10 (base 5) to base 10
5
What is 3 (base 13) in base 6?
3
What is -64 (base 10) in base 9?
-71
Convert 0 (base 15) to base 7.
0
65 (base 7) to base 10
47
Convert -11 (base 14) to base 6.
-23
What is 6 (base 9) in base 16?
6
-3 (base 4) to base 14
-3
What is 7 (base 14) in base 15?
7
3011 (base 5) to base 13
234
a (base 16) to base 11
a
Convert 244 (base 6) to base 15.
6a
Convert 433 (base 8) to base 5.
2113
Convert -1a (base 12) to base 15.
-17
What is 16 (base 15) in base 3?
210
139 (base 10) to base 8
213
Convert 30 (base 12) to base 7.
51
5 (base 15) to base 5
10
-2200 (base 3) to base 12
-60
What is 0 (base 4) in base 6?
0
What is -5 (base 15) in base 10?
-5
-1ab (base 12) to base 15
-135
Convert -134 (base 7) to base 8.
-112
-2 (base 12) to base 11
-2
What is -10001101 (base 2) in base 10?
-141
Convert 1 (base 7) to base 12.
1
138 (base 10) to base 16
8a
What is 35 (base 9) in base 10?
32
6 (base 8) to base 10
6
Convert 212 (base 5) to base 8.
71
Convert 2 (base 6) to base 5.
2
-12 (base 3) to base 8
-5
Convert 16 (base 10) to base 15.
11
Convert -4 (base 14) to base 3.
-11
What is 68 (base 12) in base 8?
120
Convert 13 (base 4) to base 8.
7
143 (base 6) to base 4
333
Convert 20 (base 8) to base 4.
100
21 (base 3) to base 8
7
3 (base 9) to base 8
3
What is 9 (base 14) in base 8?
11
2 (base 11) to base 6
2
Convert 1 (base 12) to base 8.
1
Convert 3 (base 6) to base 12.
3
What is 51 (base 9) in base 4?
232
What is 3a (base 16) in base 5?
213
What is 302 (base 5) in base 13?
5c
What is -8 (base 14) in base 6?
-12
-e (base 15) to base 4
-32
Convert 21 (base 3) to base 6.
11
What is 10 (base 5) in base 12?
5
Convert -2 (base 8) to base 2.
-10
-1 (base 9) to base 2
-1
2101 (base 3) to base 9
71
Convert 16 (base 8) to base 14.
10
8 (base 15) to base 6
12
1 (base 14) to base 12
1
-21 (base 8) to base 12
-15
-10 (base 3) to base 4
-3
Convert 134 (base 5) to base 12.
38
-13 (base 15) to base 13
-15
-6 (base 11) to base 4
-12
What is 3 (base 16) in base 14?
3
152 (base 14) to base 11
224
Convert -32 (base 6) to base 8.
-24
Convert 33 (base 6) to base 10.
21
Convert 1 (base 7) to base 11.
1
-4 (base 14) to base 2
-100
What is 31 (base 9) in base 6?
44
119 (base 10) to base 8
167
15 (base 11) to base 7
22
-36 (base 11) to base 2
-100111
Convert 213 (base 5) to base 3.
2011
Convert -3 (base 7) to base 16.
-3
Convert -2 (base 14) to base 3.
-2
What is -1 (base 8) in base 16?
-1
11 (base 7) to base 10
8
What is -18 (base 13) in base 2?
-10101
Convert 2 (base 11) to base 15.
2
What is 32 (base 5) in base 13?
14
What is 3 (base 15) in base 2?
11
89 (base 13) to base 9
135
What is 0 (base 8) in base 12?
0
What is 8 (base 9) in base 14?
8
3 (base 12) to base 4
3
2 (base 5) to base 3
2
2 (base 6) to base 5
2
Convert 7 (base 12) to base 5.
12
What is -12 (base 13) in base 15?
-10
Convert 1 (base 5) to base 14.
1
-1200 (base 3) to base 9
-50
48 (base 12) to base 8
70
-30 (base 6) to base 13
-15
What is -100 (base 13) in base 14?
-c1
Convert 1100 (base 2) to base 10.
12
Convert -1 (base 4) to base 3.
-1
What is 3 (base 6) in base 4?
3
0 (base 15) to base 8
0
What is 2 (base 14) in base 2?
10
Convert -11 (base 2) to base 10.
-3
-2 (base 16) to base 15
-2
2 (base 10) to base 11
2
Convert b (base 13) to base 4.
23
8 (base 14) to base 6
12
What is 323 (base 10) in base 7?
641
Convert -5 (base 13) to base 9.
-5
Convert 417 (base 8) to base 12.
1a7
Convert 2 (base 16) to base 10.
2
Convert 1b (base 15) to base 3.
222
Convert 274 (base 9) to base 16.
e5
What is -11 (base 11) in base 16?
-c
What is -20 (base 14) in base 5?
-103
Convert -1 (base 9) to base 6.
-1
Convert -4 (base 13) to base 5.
-4
What is -3 (base 16) in base 5?
-3
-2 (base 11) to base 2
-10
Convert -31 (base 8) to base 13.
-1c
What is -21 (base 5) in base 8?
-13
Convert 25 (base 9) to base 8.
27
What is 235 (base 6) in base 7?
164
What is -20 (base 8) in base 14?
-12
What is 8 (base 16) in base 4?
20
What is 21 (base 3) in base 13?
7
What is -12 (base 3) in base 9?
-5
-140 (base 8) to base 3
-10120
3 (base 12) to base 3
10
Convert 1 (base 13) to base 5.
1
What is 3 (base 9) in base 13?
3
-85 (base 12) to base 3
-10202
What is 3 (base 4) in base 16?
3
What is -1 (base 2) in base 10?
-1
What is 88 (base 10) in base 4?
1120
Convert -3 (base 8) to base 5.
-3
What is -3 (base 7) in base 4?
-3
12 (base 3) to base 9
5
-24 (base 8) to base 16
-14
1000101 (base 2) to base 7
126
Convert -20 (base 4) to base 3.
-22
What is 5 (base 14) in base 9?
5
121 (base 6) to base 15
34
What is 26 (base 9) in base 5?
44
What is -4 (base 7) in base 2?
-100
1101 (base 2) to base 5
23
Convert 102 (base 5) to base 6.
43
Convert -11 (base 2) to base 14.
-3
-1 (base 11) to base 6
-1
3 (base 14) to base 2
11
What is 122 (base 3) in base 8?
21
6 (base 12) to base 10
6
Convert 124 (base 12) to base 10.
172
What is 1043 (base 6) in base 5?
1433
What is -55 (base 11